of ((-1)/(-3))/(2/6) - -8152.
31, 263
Let m = -389 - -371. Let o = 29 - 18. Let x = o - m. What are the prime factors of x?
29
Let o(m) = -291*m + 162. List the prime factors of o(-31).
3, 3061
Let h(u) = 123*u + 1974. What are the prime factors of h(-6)?
2, 3, 103
Let t be (-4 - 0)*(-132)/16. List the prime factors of (-1958)/t*21/(-2).
7, 89
Let r(y) = -y + 15. Let o(n) = -n**2 + 10*n + 13. Let q be o(10). Let x be r(q). Suppose 2*p - 338 = -x*l, 3*p + 4*l - 184 = 2*p. List the prime factors of p.
2, 41
Let p = -322 - -179. Let f = p - -538. List the prime factors of f.
5, 79
Let o(b) = -10*b**3 + 2*b**2 + 8*b - 2. Let j be o(4). Let c = j + 830. List the prime factors of c.
2, 3, 7
Suppose 3*n - 5*o = 85 + 55, 3*n = o + 136. Let h = 236 - n. Suppose c = -2*w + 368, w - 4*c = 2*w - h. List the prime factors of w.
3, 61
Let u be (-6)/(-5)*20/8. Suppose 14 - 2 = u*o. Suppose -2*z + q = -0*q - 84, 0 = 4*z - o*q - 168. What are the prime factors of z?
2, 3, 7
Let u = -18 + 21. Let t(k) = k + 54. Let z be t(10). Suppose z = u*i - 5. What are the prime factors of i?
23
Let p = 933 + -604. List the prime factors of p.
7, 47
Suppose 5*x = 13728 - 2818. List the prime factors of x.
2, 1091
Let w(v) = -v**3 + 44*v**2 - 34*v + 100. List the prime factors of w(18).
2, 23, 43
Suppose 0 = 22*f + 15*f - 16798. Suppose f*h + 2124 = 463*h. What are the prime factors of h?
2, 59
Suppose 13*z = 5*x + 18*z - 10, 2*x = -4*z - 4. Let p be 1/2 + 290/(-4). List the prime factors of (-13092)/p + 1/x.
2, 7, 13
Suppose 17 = -m - 3*h, -3*h + 7 = -m - m. Let y(s) = -51*s + 4. List the prime factors of y(m).
2, 103
Suppose 1316 = -i - 4*m, -2*i + 2*m + 6580 = -7*i. Let f = i + 1842. Suppose -4*s - f = -3*d, -5*d - 457 = -4*s - 1347. What are the prime factors of d?
2, 7, 13
Let c be (-10*(-2)/(-8))/(7/2002). Let h = c - -1511. List the prime factors of h.
2, 199
Let i(h) = 154*h + 96. Let t(k) = -39*k - 24. Let p(j) = -2*i(j) - 9*t(j). List the prime factors of p(7).
5, 13
List the prime factors of -12 - (7 + -8)*1926.
2, 3, 11, 29
Suppose -4*g + 5*l - 1168 = 0, -3*g - 402 = 2*l + 474. Suppose -3*d - 1692 = -f, 2*d - 6*f = -f - 1128. Let o = g - d. List the prime factors of o.
2, 17
Suppose 0 = -a - a + 6, -n - 5*a + 6 = 0. List the prime factors of (-5736)/n + 1/(-3).
7, 13
Let z = 19 - 13. Suppose 9*n = z*n + 729. Suppose -f - 3*w = -64, -w - n = -3*f - f. What are the prime factors of f?
61
Suppose -t - 39 = -g, 69 = -3*t + 4*g - 53. Let n = 196 + t. Suppose 0 = -5*k + n + 463. What are the prime factors of k?
5
Let i(f) = -f**3 + 10*f**2 - 9*f + 3. Let l be i(9). Suppose l*r - 112 - 1168 = 5*z, -r + 426 = -z. Let u = -268 + r. What are the prime factors of u?
157
Let i(y) = -35*y + 7. Let n be i(-3). Suppose -5*d + 13 = -n. List the prime factors of (-1790)/(-14) + (d/35)/5.
2
Let c = 26 - 24. Suppose 0 = -382*f + 383*f - c. List the prime factors of f.
2
Let s = 5042 + -4938. Suppose 69 = 2*z - c, 5*z = -2*c + 3*c + 180. Let a = z + s. What are the prime factors of a?
3, 47
Let q be (-6)/14 + (-829)/(-7). Suppose -2*f + 4*f = 2*s - 88, 4*f - q = -2*s. What are the prime factors of s?
7
Suppose -3*h = 2*y - 158468, 0 = -704*h + 702*h + 3*y + 105654. List the prime factors of h.
2, 3, 31, 71
Let p be 4/(-10) + 399/35. Let h be (p/4)/(7/616). Let a = h + -148. What are the prime factors of a?
2, 47
Let h(k) = -48379*k + 363. List the prime factors of h(-1).
2, 24371
Let i = -721 + 326. List the prime factors of ((-405)/4)/(-10 - i/40).
2, 3, 5
Let p(t) = 53*t + 5. Let k be p(-1). Let z be (-10)/(-6) + 32/k. What are the prime factors of (z - -54)*11/5?
11
Suppose -2*s - 5*n = -1405, -4*s + 3*n = -38 - 2759. Suppose -2*p = 2*h - 1394, -h + 0*p = 2*p - s. List the prime factors of h.
2, 347
Let t = 166 - 126. Suppose -t*q = -35*q - 1330. What are the prime factors of q?
2, 7, 19
Let f(t) = 401*t**2 - 33*t + 61. What are the prime factors of f(2)?
3, 13, 41
Suppose 3*y - 860 = -f, -5*f = -9*f + 2*y + 3482. Let d = f + -489. List the prime factors of d.
2, 5, 19
Let p(r) = -r**2 + 11*r + 29. Let q be p(11). Suppose 8*f = -q + 5629. List the prime factors of f.
2, 5, 7
Let r = 24539 - -3201. What are the prime factors of r?
2, 5, 19, 73
Suppose 11*z + 464 = 15*z. Suppose g = -z + 334. Let n = -146 + g. What are the prime factors of n?
2, 3
Let r(i) = 26*i - 6. Let l be 1/3 + (-14)/(-21). Suppose 9 = -4*s - 3, -a = s + l. List the prime factors of r(a).
2, 23
Let g = 2932 + 6003. What are the prime factors of g?
5, 1787
Suppose 47 = -7*n + 236. Let z = 121 + n. List the prime factors of z.
2, 37
Let j(q) = 15*q**2 - 9 - 5*q + 12 + 9 - 11*q**2. List the prime factors of j(-14).
2, 433
Suppose 6*j = -4*j. Suppose j = -11*y + 18*y - 2226. What are the prime factors of y?
2, 3, 53
Let d = 2276 + -130. Suppose 8*w - 1342 - d = 0. What are the prime factors of w?
2, 109
Let h = -808 - -1218. List the prime factors of -2*(1/2 - 2) + h.
7, 59
Let b(t) be the third derivative of 5*t**4/6 + 25*t**3/6 + t**2. Suppose 3*o - 2*s - 7 = 0, 5*o + s = 1 + 15. What are the prime factors of b(o)?
5, 17
Let b = 767 + 29016. List the prime factors of b.
13, 29, 79
Let v(b) = b**3 - 11*b**2 - 23*b - 34. Let f be v(13). Suppose 4*w = 2*q - 1176, f*q + 27*w - 3005 = 24*w. What are the prime factors of q?
2, 13, 23
List the prime factors of 5/5*6412/28.
229
Suppose 534720 = -23478*m + 23493*m. What are the prime factors of m?
2, 557
Suppose -6*i - 2952 - 558 = 0. Let j = 431 - i. List the prime factors of j.
2, 127
Let h(l) = -2*l - 8. Let u be h(-5). Let n be ((-20)/6)/(u/9). Let x(b) = -b**2 - 17*b. List the prime factors of x(n).
2, 3, 5
Suppose -7*y - 11 = -39. Suppose 0 = 2*c, -y*h + 2415 = h - 4*c. What are the prime factors of h?
3, 7, 23
Let p = -20 + 20. Suppose 0 = -4*f + 3*z - 229, -f + p*f - 53 = -5*z. Let m = 11 - f. List the prime factors of m.
3, 23
Let p(v) = 18*v**3 - v**2 + v. Let f = -39 - -41. Suppose f*c = -q + 7, -3 = -3*q - 2*c + 6. What are the prime factors of p(q)?
2, 3
Suppose 110*c - 465293 = 232437. List the prime factors of c.
6343
Suppose 4*y - 24 = 3*a, -2*a = -2*y - 5*a - 6. What are the prime factors of (-1 + -9)*((-361)/5 + y)?
2, 173
Let a = -163 + 152. Let z = a - -91. List the prime factors of z.
2, 5
Suppose -2*r + 52832 = 4*g, -g - 5*r = -10848 - 2342. What are the prime factors of g?
2, 5, 1321
Suppose -92 + 65 = 27*b. Let c(s) = 419*s**2 - 16*s - 16. List the prime factors of c(b).
419
Suppose 0 = 2*c + 2, -5*c + 3 - 17 = -3*p. Suppose 5*o = 5*g + 185, p*o + 2*g = -0*g + 96. Let h = o - -17. What are the prime factors of h?
3, 17
Let d(g) = 3*g**2 + 11*g - 27. Let a be d(2). Suppose 8*q + 282 = 2*x + a*q, -298 = -2*x - 3*q. List the prime factors of x.
11, 13
Suppose -15*h - 229 = -25849. Suppose -3*y - 2*r = -y - h, -15 = -3*r. What are the prime factors of y?
3, 283
Suppose 17*g - 106 = -21. What are the prime factors of 1/g - (-38726)/170?
2, 3, 19
Let w be 7/(7/122)*-1. Let k = 350 - w. What are the prime factors of k?
2, 59
Suppose -3*j + 708 = -3*m, -2*j + 5*m + 0*m + 472 = 0. Let h = j + -167. Suppose -5*n + t = -186, 0 = n - 3*n - 5*t + h. What are the prime factors of n?
37
Let w(i) = -15*i**3 - 7*i**2 + 4*i. Let q be w(5). Let a be q/(-28) + 2/(-4). Let f = a + 46. List the prime factors of f.
2, 59
Let t(n) = -56*n. Let l be ((-24)/16)/(-2*6/(-112)). Let b be 8/28 + 32/l. What are the prime factors of t(b)?
2, 7
Let t = 24066 + -9931. What are the prime factors of t?
5, 11, 257
Suppose -37 - 63 = -20*f. What are the prime factors of 1553 + (-30)/f*(-4)/8?
2, 389
Suppose -63*b + 68*b = -5*i + 50645, 4*b = -3*i + 40516. List the prime factors of b.
7, 1447
Let u(a) = -a**3 - 5*a**2 + 30*a - 71. What are the prime factors of u(-22)?
3, 7, 17
Suppose 2*q + 4*n = 2662, 257 = -q + 5*n + 1595. Suppose -4*t + a + 540 = -2071, 2*t + 5*a = q. What are the prime factors of t?
2, 3, 109
Let j = 45793 + -4935. What are the prime factors of j?
2, 31, 659
Let b = 17 - -35. Suppose -b*q = -49*q - 21. Suppose -641 = -q*z - 74. List the prime factors of z.
3
What are the prime factors of 4740/316 + (-35726)/(-2)?
2, 7, 1277
Let y be (2 + 20)/(7/140). Suppose l - 4*x + 1720 = 5*l, -l = 3*x - y. List the prime factors of l.
5, 17
Suppose -56 + 66 = 5*b. Suppose 